e -6*w = x*w - 76. What is the greatest common factor of 44 and w?
4
Suppose -2*j + 523 = 4*g + 127, -90 = -g - 5*j. What is the greatest common factor of g and 550?
50
Let r = 77 - 44. Let c(w) = 6*w**2 - 19*w - 73. Let p be c(-4). What is the highest common factor of r and p?
33
Suppose -22*h - 42*h = -4096. What is the highest common factor of 16 and h?
16
Let p = 28 - 17. Let m be ((-2 - -4) + p)/1. Suppose 0 = 2*t + s - 16, 4*t - 5 - m = 5*s. What is the highest common factor of t and 49?
7
Suppose 6*b = 67 - 13. What is the greatest common divisor of 81 and b?
9
Suppose -6*m + 26 = -22. Let j be (368/(-20) + 4)/((-6)/20). Calculate the highest common divisor of j and m.
8
Let u(f) = -f**2 + 21*f + 37. Let v be u(22). Calculate the greatest common factor of 30 and v.
15
Let c = -117 + 113. Let z be (-9)/c*140/21. What is the greatest common factor of z and 105?
15
Let o(b) = b**2 + 44*b + 75. Let q be o(0). What is the highest common divisor of 475 and q?
25
Suppose 0 = -0*g + 2*g + 2*a - 160, -5*g = -3*a - 400. Let f(i) = i - 3. Let h be f(8). Calculate the greatest common factor of h and g.
5
Let z be (-7)/(-4)*-1*-4. Let p(k) = -405*k - 272. Let n be p(-1). What is the greatest common divisor of n and z?
7
Let m = -10 + 15. Let j = -2 + m. Suppose 0 = z - l - 31, -4*l + 16 = -8*l. What is the greatest common divisor of z and j?
3
Suppose -3*k + 9*k - 18 = 0, -397 = -w + 3*k. What is the highest common factor of 116 and w?
58
Let p = 95 + -30. What is the highest common divisor of 26 and p?
13
Suppose -5*t - 607 = 4*v + 318, -5*v - 3*t = 1140. Let n = -129 - v. What is the highest common divisor of n and 6?
6
Suppose -14*r = -269 - 431. Calculate the greatest common divisor of r and 10.
10
Let l = -89 - -206. Calculate the greatest common divisor of 39 and l.
39
Let u be 76/(-114)*(1326/4)/(-1). Calculate the highest common divisor of 187 and u.
17
Suppose j + 111 = 2*n, -4*n + 3*n - 2*j + 68 = 0. Let v = -50 + n. Calculate the highest common factor of 8 and v.
8
Suppose 18*r - 19*r + 997 = 0. Let g = r + -491. Suppose 2*p = -3*j + 774, -g = -2*j - 0*p + 2*p. Calculate the highest common factor of 32 and j.
32
Suppose t - 17 = 3. Calculate the greatest common factor of t and 460.
20
Let j(n) = 9*n - 31. Let f be j(9). What is the highest common factor of 110 and f?
10
Suppose 3*z - h + 5 = 4*h, -4*h + 4 = 0. Suppose z = 5*y - 99 - 51. Let u be ((-3)/2)/((-5)/y). Calculate the greatest common divisor of 3 and u.
3
Let n be -3 - (-2)/(-3 - 1)*-10. Let z be (-1)/2 - (81/(-6) - n). What is the greatest common factor of 135 and z?
15
Let t = -33 + 37. Suppose 2*x = -t*a + 6, 1 = -3*a - x + 8. What is the greatest common factor of a and 4?
4
Let n(r) = 8*r**2 - 5*r - 40. Let t be n(5). What is the greatest common factor of t and 243?
27
Suppose 143 = 30*z - 67. What is the highest common factor of z and 91?
7
Suppose 0*o = -3*o + 4*k + 92, 3*o - 2*k - 88 = 0. Let v = o - 13. What is the greatest common factor of 135 and v?
15
Let z(l) = -2*l + 8. Let g be z(-6). Let t(j) = -9*j - 3. Let y be t(-1). Let s = 16 - y. Calculate the greatest common factor of s and g.
10
Let b = 3 + -14. Let d(f) = -14*f - 11. Let p be d(b). Calculate the highest common factor of 13 and p.
13
Let n = 67 - 28. Suppose -3*c = -n - 36. Suppose 3*f = t + 35, -5*f + 3*t + 55 = 2*t. What is the highest common divisor of c and f?
5
Let u = 1282 - 370. What is the greatest common factor of 57 and u?
57
Let d be ((-72)/28 - -2)*-35. What is the greatest common factor of 70 and d?
10
Suppose -3*o + 10*o - 3003 = 0. What is the highest common factor of 13 and o?
13
Suppose -4 = -2*w + 4*i, 0 = 4*w - 0*i + 3*i - 8. Calculate the highest common factor of 5 and w.
1
Let n(b) = 6*b**2 - 2*b**2 - 2*b**2 - 7*b. Let p be n(5). Let k = 579 + -564. Calculate the highest common factor of k and p.
15
Suppose -j = -0*a + 4*a - 141, 2*a + 3*j = 63. Suppose -216 = -0*x - 4*x. What is the greatest common factor of x and a?
18
Let m(j) = 7*j - 19. Let v be m(4). Let h(k) = k**2 - 7*k - 13. Let b be h(9). Suppose -b*a + 25 = -20. What is the highest common factor of v and a?
9
Let i be 18*7/21 + 554. Calculate the highest common divisor of 80 and i.
80
Let g = -22 + 16. Let i = 5 + g. Let c be -1*(5/i + 1). What is the greatest common divisor of c and 4?
4
Let h be 56/20 - (-2)/10. Let o(l) = 2*l - 3. Let n be o(4). Suppose -d + 6*z = h*z - 18, 66 = n*d - 3*z. What is the highest common divisor of 8 and d?
4
Suppose -2*t + 148 = -128. Let i = -72 + t. Suppose 4*k - 30 = i. Calculate the greatest common factor of 36 and k.
12
Let y = -38 + 77. Let x = -166 + 169. Calculate the highest common factor of x and y.
3
Suppose -3*a + 2*j = -50, -60 = -4*a + 4*j - 8*j. Suppose -6 + a = 5*v. Calculate the greatest common divisor of 7 and v.
1
Let p be -2 + 3*(1 - -7). Let m(i) = -599*i - 2154. Let k be m(-4). Calculate the highest common factor of k and p.
22
Suppose 2*j - 2 = 0, -4*j = o + 1 - 29. Let g(k) = k**2 - 6*k + 80. Let d be g(-8). What is the highest common divisor of o and d?
24
Let k be 8/(-20) - (2 + (-126)/15). Let f be k/(-3) + 39 - -2. What is the greatest common factor of f and 429?
39
Suppose -55*c = -48*c - 231. Calculate the highest common factor of c and 187.
11
Suppose 0 = 41*o - 213 - 320. Suppose 5*s = -99 + 684. Calculate the greatest common divisor of o and s.
13
Suppose 3*a - a = 4*g + 392, 3*a = -g + 581. Suppose 0 = -13*h + 391 + a. What is the greatest common divisor of 5 and h?
5
Suppose -9*r + 4*q = -8*r - 213, -5*q - 210 = -r. What is the highest common divisor of r and 15?
15
Let c = 81 + -82. Let f be (112/(-7))/(-3 - c). What is the highest common factor of f and 40?
8
Suppose 27*f = 15*f + 108. What is the greatest common divisor of 2421 and f?
9
Let x = -187 + 316. Suppose -11 = y - 204. Let i = y - x. What is the greatest common factor of 8 and i?
8
Suppose -c = -5*l + c + 7, 4*c = -4*l + 28. Let n be (5/(-10))/(l/(-138)). What is the highest common divisor of 46 and n?
23
Let t be 4/(-10) + (-132)/(-30). Let k = t + -2. Let y be 11 - (-8 + 14 + -9 + 6). Calculate the greatest common divisor of k and y.
2
Let z be 1*(9 - (-1 - -5)). Calculate the greatest common factor of z and 845.
5
Suppose -l - 4*l = -5*o - 35, 0 = 5*l + o - 5. Let c be 5/l - (-2)/(-4). Suppose 4*f = i, 3*i - 2 - 8 = 2*f. Calculate the highest common divisor of c and i.
2
Let x = 65 - 15. Calculate the highest common factor of 20 and x.
10
Let o = -296 - -317. What is the greatest common divisor of o and 210?
21
Suppose -15*m = -5*x - 14*m + 827, -x + 5*m = -175. What is the greatest common divisor of x and 15?
15
Let h(f) = 8*f + 1. Let s = 13 + -12. Let q be h(s). Suppose -2*j = -u - 0*u + q, -4*j - 3 = u. Calculate the greatest common factor of 5 and u.
5
Let h be 1 - (-664 + 8 + -3). Calculate the greatest common factor of h and 12.
12
Suppose 7 = b - o - 37, 2*b = o + 84. Let j be ((-10)/(-6))/(1/12). What is the highest common factor of b and j?
20
Let h(g) = -g**3 - 6*g**2 - 7*g - 6. Let m be h(-5). Suppose 2*v + 37 = 5*s - 63, v = 2*s - 41. What is the highest common factor of m and s?
2
Suppose 11*y - 5 = 347. What is the highest common divisor of 8 and y?
8
Suppose 3*k + 6*f - 814 = 2*f, -4*f - 20 = 0. Suppose -k = -4*p + 178. Let j be 3/1 - p/(-2). Calculate the highest common factor of j and 12.
12
Let g(p) = p**3 - 6*p**2 + 5*p + 4. Suppose -8 = -7*q + 27. Let y be g(q). Calculate the greatest common divisor of y and 12.
4
Suppose 0 = 10*j - 4*j - 18. Let m = 24 + -15. What is the highest common factor of j and m?
3
Suppose 324 = 2*b + b. Suppose 3*j - b = -j. Calculate the highest common divisor of 189 and j.
27
Suppose i - 3 = 0, 183 + 6 = 4*r + 3*i. Let z = -200 + 305. Calculate the greatest common divisor of r and z.
15
Let t = -659 - -722. What is the greatest common divisor of 189 and t?
63
Let o = -49 - -68. Suppose y + 2*g - o = 7, -5*y + 151 = 3*g. Calculate the highest common divisor of 4 and y.
4
Suppose -8*q + 240 = -2*q. Let k be -30*((-8)/(-3) - 4). Calculate the greatest common factor of k and q.
40
Let n(w) = w**3 - 5*w**2 + 6*w - 6. Let p be n(4). Let c(z) = 2*z**2 - z**p + 2 - 5 - 7*z + 5. Let s be c(7). Calculate the highest common factor of 8 and s.
2
Let 